Let a be v(-2). Let j be -99*(-6 + (6 - 1)). Calculate the greatest common factor of a and j.
9
Let r = 12 + -1. Let x(w) = -w**2 - 14*w + 12. Let u be x(-14). Let y be ((-11)/(-4))/(u/240). Calculate the highest common divisor of y and r.
11
Suppose 4*c - s = 14, -6 = c + 5*s - 10*s. Suppose -37 = -3*f - c. Let w = 134 - 68. Calculate the highest common divisor of w and f.
11
Suppose -21*v = -32*v + 55. What is the highest common factor of 15 and v?
5
Let q(c) = -c + 22. Let r = -16 + 27. Let n be q(r). Let w = -4 + n. Calculate the highest common factor of w and 28.
7
Let l(h) = 6*h**3 - 2*h**2 - 2*h + 3. Let k be l(2). Let m = 119 - k. What is the highest common divisor of 10 and m?
10
Let o be ((-18)/(-27))/(0 + 2/261). What is the highest common divisor of o and 58?
29
Let k = 46 - 21. Suppose -5*w = -0*w - k. Suppose 0 = 4*a - 16, -5*a - 104 = -w*x - 19. What is the greatest common factor of 63 and x?
21
Suppose 2*u - 9 = -39. Let f = u + 29. Let h be 972/63 + (-6)/f. What is the highest common divisor of 15 and h?
15
Suppose -6*p - 7 = 5. Let z be (-40)/p - (-4)/(-4). What is the greatest common divisor of z and 57?
19
Suppose 0 = -4*m - 5*n + 162, 90 = 2*m + n - 3*n. Let y = m + -30. Let t = -2 + y. Calculate the greatest common divisor of 11 and t.
11
Let n be (-1 - 82140/(-126)) + 20/210. What is the greatest common factor of n and 63?
21
Let q(b) = -3*b - 2. Let j be q(-6). Suppose 0 = -p - 0*p. Suppose p = r + 2 - 4. Calculate the greatest common divisor of j and r.
2
Let t = -857 - -1925. What is the highest common factor of t and 24?
12
Suppose 2*n = -10, n - 6903 = -4*r - 0*n. Calculate the greatest common divisor of r and 11.
11
Let t be (-1 - -1)*((4 - 4) + 1). Suppose t = -0*m + 2*m - 322. Calculate the highest common factor of 7 and m.
7
Suppose 0 = 6*l - 1 + 1. Suppose 5*v + 2 + 8 = l, -v = -5*z + 202. What is the greatest common factor of 20 and z?
20
Suppose -27 = -2*s + 13. What is the greatest common factor of 220 and s?
20
Let v(x) be the first derivative of -x**3/3 - 11*x**2/2 + 15*x + 2. Let z be v(-12). Let n be -3 + z + 11/1. What is the greatest common divisor of 1 and n?
1
Let r(g) = -g**3 - 20*g**2 + 8*g - 23. Suppose -o + 4*j = 9, 0 = 3*o - 0*j - 2*j + 57. Let x be r(o). What is the highest common factor of x and 50?
50
Let u be 36/(-45) + 161/(-5). Let d be (-3)/2*220/u. Calculate the highest common divisor of 110 and d.
10
Let h(z) be the third derivative of z**5/60 - z**4/3 - 5*z**3/6 - 7*z**2. Let b be h(9). Let q = 10 + -6. What is the highest common factor of q and b?
4
Let q(n) = n**3 - 8*n**2 - 2*n + 17. Let z be q(8). Calculate the highest common divisor of z and 4.
1
Let a be ((-140)/(-21) + -7)*-153. What is the highest common factor of a and 969?
51
Let t = 197 - -5. Suppose -34 = 6*i - t. What is the highest common divisor of i and 70?
14
Suppose 0 = -3*n, -z + n = -58 + 27. Calculate the highest common divisor of 1 and z.
1
Suppose -4*f + 288 = 5*a - 0*f, 2*a - f - 110 = 0. Let s = -42 + a. Calculate the highest common divisor of 2 and s.
2
Suppose o = 3*h + 85, -3*h - 122 = h + 3*o. Let d be (-13)/((-65)/10) + 31. Let q = h + d. What is the highest common factor of 1 and q?
1
Let p(f) = f**2 - 3*f - 2. Suppose 40 = 5*v - 3*u, 0 = -0*u + 5*u + 25. Let s be p(v). Calculate the highest common factor of s and 8.
8
Suppose 0 = 3*m - 5*m + t + 16, -5*t = 2*m - 16. Suppose 8*j - 2 = 14. Calculate the greatest common divisor of m and j.
2
Suppose -p = 5*y - 1797, 0 = 2*y - p - p - 726. Calculate the greatest common factor of y and 72.
72
Suppose 5*s + 6 = o - 22, 0 = 3*o + 4*s - 46. Let w = -14 + 16. Calculate the highest common factor of o and w.
2
Suppose 1967 = 4*h + 5*d, 2*h = 3*h + 4*d - 500. Let k be ((-2)/(-3))/(2 - h/246). Calculate the highest common factor of k and 246.
41
Let f = 1 + 5. Let k be (3/f)/(4/8). Let p be 260 + -3 - (-1 - k). Calculate the highest common factor of 37 and p.
37
Let j be -156*((-2)/4)/(10/40). Calculate the highest common factor of 4 and j.
4
Let j(n) = 2*n**2 + n - 1. Let o(u) = 12*u**2 - 3*u - 23. Let p(q) = -5*j(q) + o(q). Let h be p(9). Calculate the highest common divisor of h and 4.
4
Let u be 130/75*-9*(-40)/12. What is the greatest common divisor of 8 and u?
4
Let x be 3 - (-102)/(-6 + 12). Calculate the greatest common factor of x and 25.
5
Let g be (4/14)/(1/7). Suppose 3*k = z - 14059, 5*z = g*k + k + 14039. Let c be 6/21 - k/56. Calculate the greatest common divisor of c and 12.
12
Let t be (-4)/(-5)*(-135)/(-18). Let x be 1/((-3 + t)/48). What is the highest common factor of 16 and x?
16
Let o be (-1 + 2)*-1 - -6. Let q be ((-1)/(-2))/(25/4500). Suppose -o*h - q = -10*h. What is the greatest common factor of h and 2?
2
Suppose -18*j + 736 = -56. What is the highest common divisor of j and 198?
22
Suppose 4 + 11 = 3*k. Suppose -97 = -g + 4*g + k*j, -5*g = j + 125. Let t = g + 34. What is the greatest common divisor of t and 20?
10
Let x = 6509 - 3297. Calculate the greatest common factor of x and 73.
73
Let t be 4/(-8)*(-6 + 0). Let a(d) = d**3 - 4*d**2 + 3*d + 2. Let c be a(t). Suppose l + 1 = c. What is the highest common factor of l and 2?
1
Let o(u) = -u**3 - 2*u**2 + 14*u + 12. Let g be o(-6). Let y = -60 + g. What is the greatest common divisor of y and 4?
4
Let c(q) = 7*q - 12. Let p be c(2). Suppose 3*x - p*n - 261 = 0, 3*n - 176 = -2*x + 5*n. Calculate the highest common divisor of 34 and x.
17
Let t = 0 - -3. Suppose h - t = -0. Let y be ((-18)/10)/(h/(-10)). What is the highest common divisor of y and 15?
3
Let p = 97 + -6. Let g be -2*1/7 + 4212/p. What is the highest common factor of g and 69?
23
Let n(t) = -5*t**2 - 89*t - 15. Let k be n(-7). Calculate the highest common divisor of 99 and k.
33
Let p(d) = 3*d. Let v be p(4). Suppose i - 3*i + v = 0. Calculate the greatest common factor of i and 6.
6
Suppose 0 = -4*j - 0*j - 3*f + 657, -4*j = f - 667. Suppose a + 79 = u, 5*u + 12 - 7 = 0. Let p = -59 - a. Calculate the greatest common factor of j and p.
21
Let x(p) = -p**2 + 10*p - 4. Let t be x(8). Suppose 0 = 5*b + 3*y - 228, 2*y = -31*b + 27*b + 184. What is the highest common factor of t and b?
12
Suppose -2*r = -7 + 25. Let l = r + -2. Let q = -9 - l. Calculate the greatest common factor of 2 and q.
2
Let o = 352 - 205. What is the highest common divisor of o and 3?
3
Let p = 2 - 1. Let w be 26/3*(p + 32). Suppose 5*d - 6*d = -s - 23, 2*d - s = 49. What is the highest common factor of w and d?
26
Suppose -o = -7*o + 90. Suppose 12*b - o*b = -405. Calculate the highest common factor of 54 and b.
27
Suppose -95 = -6*g + 67. Suppose 0 = -3*k + 87 - g. Calculate the highest common divisor of k and 8.
4
Let m be (120 - -4) + (-1)/1 + 3. Suppose 0 = 3*p - 5*p + m. What is the greatest common factor of 7 and p?
7
Let i = -155 + 76. Let u = -75 - i. What is the highest common factor of u and 4?
4
Let f be (1 - (-94)/6)*(-198)/(-165). Let j be (f - -8) + -3*1. What is the greatest common divisor of 10 and j?
5
Suppose 0 = 3*j - 81 + 9. Let m be 1 - j/(-4) - 4. What is the greatest common factor of 24 and m?
3
Suppose -6*d + 7 = -5*d. Let r be 26/4 - (-1)/2. What is the greatest common divisor of r and d?
7
Let w = -22 + 23. Let r be -2*w/(-6) - 34/(-6). What is the greatest common factor of r and 18?
6
Let n be (-34)/(-3)*(3 - 0). Suppose k - 97 = 3*j, -71 = -k + 5*j + 34. Calculate the greatest common factor of n and k.
17
Let g be 5 + -1 + 8 + -5 - 2. Suppose -20 = g*s, 5*s - 3*s = 5*c - 413. Calculate the highest common factor of 9 and c.
9
Suppose 0*q = 3*w - q - 72, 2*w = -q + 43. What is the greatest common divisor of w and 391?
23
Let f be 5 - (4 - -3) - -11. Let q be 63 + -2 + (-6)/(-3). What is the greatest common divisor of f and q?
9
Let s(k) = -5*k - 16. Let o be s(-10). Let y = o + -22. Calculate the greatest common factor of y and 84.
12
Let w = -5 - -8. Suppose -w*l = -5*y - 33, -l - 4*l + 71 = -3*y. Suppose l = s + 3*s. What is the highest common divisor of s and 4?
4
Let h be 864/40 - (-4)/10. Let j be 1067/h + (-1)/2. Calculate the greatest common divisor of j and 24.
24
Suppose -k = -23 - 16. Calculate the greatest common factor of k and 52.
13
Let v be ((-18)/54)/(2/(-60)). Let g = 14 - v. Suppose 50 = u + g*u. Calculate 